{"id":9119,"date":"2025-01-10T01:16:17","date_gmt":"2025-01-10T00:16:17","guid":{"rendered":"https:\/\/ecolevoilearue.com\/?page_id=9119"},"modified":"2026-04-02T07:47:16","modified_gmt":"2026-04-02T05:47:16","slug":"notre-equipe","status":"publish","type":"page","link":"https:\/\/ecolevoilearue.com\/index.php\/notre-equipe\/","title":{"rendered":"Notre \u00e9quipe"},"content":{"rendered":"\t\t<div data-elementor-type=\"wp-page\" data-elementor-id=\"9119\" class=\"elementor elementor-9119\">\n\t\t\t\t<div class=\"elementor-element elementor-element-1eab1d4 e-flex e-con-boxed tm-col-stretched-none tm-bg-color-over-image e-con e-parent\" data-id=\"1eab1d4\" data-element_type=\"container\">\n\t\t\t\t\t<div class=\"e-con-inner\">\n\t\t\t\t<div class=\"elementor-element elementor-element-37bdcdb elementor-widget elementor-widget-spacer\" data-id=\"37bdcdb\" data-element_type=\"widget\" data-widget_type=\"spacer.default\">\n\t\t\t\t<div class=\"elementor-widget-container\">\n\t\t\t\t\t\t\t<div class=\"elementor-spacer\">\n\t\t\t<div class=\"elementor-spacer-inner\"><\/div>\n\t\t<\/div>\n\t\t\t\t\t\t<\/div>\n\t\t\t\t<\/div>\n\t\t\t\t\t<\/div>\n\t\t\t\t<\/div>\n\t\t<div class=\"elementor-element elementor-element-7999498 e-flex e-con-boxed tm-col-stretched-none tm-bg-color-over-image e-con e-parent\" data-id=\"7999498\" data-element_type=\"container\">\n\t\t\t\t\t<div class=\"e-con-inner\">\n\t\t\t\t<div class=\"elementor-element elementor-element-aecbf72 horizontal-line-align-left vertical-line-align-bottom elementor-widget elementor-widget-tm-ele-section-title\" data-id=\"aecbf72\" data-element_type=\"widget\" data-widget_type=\"tm-ele-section-title.default\">\n\t\t\t\t<div class=\"elementor-widget-container\">\n\t\t\t\t\t<div class=\"tm-sc-section-title section-title \">\r\n\t<div class=\"title-wrapper\">\r\n\t\t\t\t\r\n\r\n<div class=\"sub-title-outer\">\r\n\t\t<div class=\"subtitle \">\r\n\r\n\t\t\r\n\t\tDes moniteurs Qualifi\u00e9s pour Vous Accompagner\t<\/div>\r\n\t<\/div>\t\t\t<h2 class=\"title tm-split-text split-in-left\">\r\n\r\n\t\t\r\n\t\t\t\t<span class=\"title-part1 \">Notre \u00c9quipe de Passionn\u00e9s<\/span>\r\n\t\t\t\t\r\n\t\t\r\n\t<\/h2>\r\n\t<div class=\"title-seperator-line\"><\/div>\t\t\t\t\t\t<\/div>\r\n<\/div>\t\t\t\t<\/div>\n\t\t\t\t<\/div>\n\t\t\t\t\t<\/div>\n\t\t\t\t<\/div>\n\t\t<div class=\"elementor-element elementor-element-fc40549 e-flex e-con-boxed tm-col-stretched-none tm-bg-color-over-image e-con e-parent\" data-id=\"fc40549\" data-element_type=\"container\">\n\t\t\t\t\t<div class=\"e-con-inner\">\n\t\t<div class=\"elementor-element elementor-element-f11ee1a e-con-full e-flex tm-col-stretched-none tm-bg-color-over-image e-con e-child\" data-id=\"f11ee1a\" data-element_type=\"container\">\n\t\t\t\t<div class=\"elementor-element elementor-element-49a58c8 elementor-widget elementor-widget-text-editor\" data-id=\"49a58c8\" data-element_type=\"widget\" data-widget_type=\"text-editor.default\">\n\t\t\t\t<div class=\"elementor-widget-container\">\n\t\t\t\t\t\t\t\t\t<p>Notre <strong>\u00e9quipe<\/strong> \u00e0 l&#8217;<strong>\u00e9cole de voile d&#8217;Arue<\/strong> se compose de <strong>moniteurs<\/strong> <strong>exp\u00e9riment\u00e9s<\/strong> et de <strong>membres<\/strong> <strong>d\u00e9vou\u00e9s<\/strong> \u00e0 la <strong>direction<\/strong>, tous unis par une <strong>passion<\/strong> commune pour la <strong>navigation<\/strong>. Nos <strong>moniteurs<\/strong> qualifi\u00e9s apportent une riche <strong>expertise<\/strong> et une <strong>p\u00e9dagogie<\/strong> adapt\u00e9e pour <strong>accompagner<\/strong> chaque <strong>\u00e9l\u00e8ve<\/strong> dans son apprentissage de la <strong>voile<\/strong>. Les membres de notre <strong>direction<\/strong>, quant \u00e0 eux, assurent une <strong>gestion<\/strong> impeccable de <strong>l&#8217;\u00e9cole<\/strong>, veillant \u00e0 ce que chaque aspect de votre <strong>exp\u00e9rience<\/strong> soit parfait. Ensemble, nous travaillons \u00e0 offrir un <strong>environnement<\/strong> convivial et professionnel, o\u00f9 chaque <strong>passionn\u00e9 de voile<\/strong> peut <strong>s&#8217;\u00e9panouir et progresser<\/strong>.<\/p>\t\t\t\t\t\t\t\t<\/div>\n\t\t\t\t<\/div>\n\t\t\t\t<\/div>\n\t\t\t\t\t<\/div>\n\t\t\t\t<\/div>\n\t\t<div class=\"elementor-element elementor-element-ede5c23 e-flex e-con-boxed tm-col-stretched-none tm-bg-color-over-image e-con e-child\" data-id=\"ede5c23\" data-element_type=\"container\">\n\t\t\t\t\t<div class=\"e-con-inner\">\n\t\t<div class=\"elementor-element elementor-element-22aa4ba e-con-full e-flex tm-col-stretched-none tm-bg-color-over-image e-con e-child\" data-id=\"22aa4ba\" data-element_type=\"container\">\n\t\t\t\t<div class=\"elementor-element elementor-element-3a6e2be horizontal-line-align-left vertical-line-align-bottom elementor-widget elementor-widget-tm-ele-section-title\" data-id=\"3a6e2be\" data-element_type=\"widget\" data-widget_type=\"tm-ele-section-title.default\">\n\t\t\t\t<div class=\"elementor-widget-container\">\n\t\t\t\t\t<div class=\"tm-sc-section-title section-title \">\r\n\t<div class=\"title-wrapper\">\r\n\t\t\t\t\r\n\r\n<div class=\"sub-title-outer\">\r\n\t<\/div>\t\t\t<h2 class=\"title tm-split-text split-in-right\">\r\n\r\n\t\t\r\n\t\t\t\t<span class=\"title-part1 \">Membres De La Direction<\/span>\r\n\t\t\t\t\r\n\t\t\r\n\t<\/h2>\r\n\t<div class=\"title-seperator-line\"><\/div>\t\t\t\t\t\t<\/div>\r\n<\/div>\t\t\t\t<\/div>\n\t\t\t\t<\/div>\n\t\t\t\t<\/div>\n\t\t<div class=\"elementor-element elementor-element-9df3990 tm-col-stretched-none e-flex e-con-boxed tm-bg-color-over-image e-con e-child\" data-id=\"9df3990\" data-element_type=\"container\">\n\t\t\t\t\t<div class=\"e-con-inner\">\n\t\t\t\t<div class=\"elementor-element elementor-element-faf620b elementor-widget elementor-widget-tm-ele-team-block\" data-id=\"faf620b\" data-element_type=\"widget\" data-widget_type=\"tm-ele-team-block.skin-style1\">\n\t\t\t\t<div class=\"elementor-widget-container\">\n\t\t\t\t\t\t<div class=\"tm-sc-team tm-team-grid\">\r\n\t\t<!-- Isotope Gallery Grid -->\r\n\t\t<div id=\"team-block-holder-912945\" class=\"isotope-layout grid-3 gutter-10 clearfix\">\r\n\t\t\t<div class=\"isotope-layout-inner\">\r\n\t\t\t\t<!-- the loop -->\r\n\t\t\t\t\t\t\t\t\t\t\t\t\t\t\t\t<div class=\"isotope-item team-item elementor-repeater-item-f7bfd05 \" data-wow-delay=\"\">\r\n\t\t\t\t\t<!-- Team Block Style1-->\r\n<div class=\"team-current-theme1 team-item\">\r\n  <div class=\"inner-box\">\r\n    <div class=\"image-box\">\r\n      <div class=\"image-pattern\"><\/div>\r\n      <div class=\"image\">\r\n        \r\n\t\t\r\n\t\t<img decoding=\"async\" src=\"https:\/\/ecolevoilearue.com\/wp-content\/uploads\/2026\/01\/Tina-LIOUX.png\" width=\"214\" height=\"215\" alt=\"Directrice eva ecole de voile de arue tahiti\">      <\/div>\r\n    <\/div>\r\n    <div class=\"info-box\">\r\n      \r\n\t\t<h4 class=\"team-title\">\r\n\t\t\t\t\tTina LIOUX\t\t\t<\/h4>\r\n\t      \t\t<div class=\"team-subtitle\">\r\n\t\t\t\t\tDirectrice\t\t\t<\/div>\r\n\t    <\/div>\r\n  <\/div>\r\n<\/div>\t\t\t\t<\/div>\r\n\t\t\t\t\t\t\t\t\t\t\t\t\t\t\t\t<div class=\"isotope-item team-item elementor-repeater-item-011d72a \" data-wow-delay=\"\">\r\n\t\t\t\t\t<!-- Team Block Style1-->\r\n<div class=\"team-current-theme1 team-item\">\r\n  <div class=\"inner-box\">\r\n    <div class=\"image-box\">\r\n      <div class=\"image-pattern\"><\/div>\r\n      <div class=\"image\">\r\n        \r\n\t\t\r\n\t\t<img decoding=\"async\" src=\"https:\/\/ecolevoilearue.com\/wp-content\/uploads\/2026\/01\/Evalita-HELLEMONT.png\" width=\"214\" height=\"215\" alt=\"\">      <\/div>\r\n    <\/div>\r\n    <div class=\"info-box\">\r\n      \r\n\t\t<h4 class=\"team-title\">\r\n\t\t\t\t\tEvalita HELLEMONT\t\t\t<\/h4>\r\n\t      \t\t<div class=\"team-subtitle\">\r\n\t\t\t\t\tSecr\u00e9taire comptable\t\t\t<\/div>\r\n\t    <\/div>\r\n  <\/div>\r\n<\/div>\t\t\t\t<\/div>\r\n\t\t\t\t\t\t\t\t<!-- end of the loop -->\r\n\t\t\t<\/div>\r\n\t\t<\/div>\r\n\t\t\t<\/div>\r\n\r\n\t\t\t\t<\/div>\n\t\t\t\t<\/div>\n\t\t\t\t\t<\/div>\n\t\t\t\t<\/div>\n\t\t\t\t\t<\/div>\n\t\t\t\t<\/div>\n\t\t<div class=\"elementor-element elementor-element-05175a5 e-flex e-con-boxed tm-col-stretched-none tm-bg-color-over-image e-con e-parent\" data-id=\"05175a5\" data-element_type=\"container\">\n\t\t\t\t\t<div class=\"e-con-inner\">\n\t\t\t\t<div class=\"elementor-element elementor-element-bc5fbf1 elementor-widget elementor-widget-spacer\" data-id=\"bc5fbf1\" data-element_type=\"widget\" data-widget_type=\"spacer.default\">\n\t\t\t\t<div class=\"elementor-widget-container\">\n\t\t\t\t\t\t\t<div class=\"elementor-spacer\">\n\t\t\t<div class=\"elementor-spacer-inner\"><\/div>\n\t\t<\/div>\n\t\t\t\t\t\t<\/div>\n\t\t\t\t<\/div>\n\t\t<div class=\"elementor-element elementor-element-2a49492 e-con-full e-flex tm-col-stretched-none tm-bg-color-over-image e-con e-child\" data-id=\"2a49492\" data-element_type=\"container\">\n\t\t<div class=\"elementor-element elementor-element-09e41ea e-con-full e-flex tm-col-stretched-none tm-bg-color-over-image e-con e-child\" data-id=\"09e41ea\" data-element_type=\"container\">\n\t\t\t\t<div class=\"elementor-element elementor-element-d8930ff horizontal-line-align-left vertical-line-align-bottom elementor-widget elementor-widget-tm-ele-section-title\" data-id=\"d8930ff\" data-element_type=\"widget\" data-widget_type=\"tm-ele-section-title.default\">\n\t\t\t\t<div class=\"elementor-widget-container\">\n\t\t\t\t\t<div class=\"tm-sc-section-title section-title \">\r\n\t<div class=\"title-wrapper\">\r\n\t\t\t\t\r\n\r\n<div class=\"sub-title-outer\">\r\n\t<\/div>\t\t\t<h2 class=\"title tm-split-text split-in-right\">\r\n\r\n\t\t\r\n\t\t\t\t<span class=\"title-part1 \">Nos Moniteurs<\/span>\r\n\t\t\t\t\r\n\t\t\r\n\t<\/h2>\r\n\t<div class=\"title-seperator-line\"><\/div>\t\t\t\t\t\t<\/div>\r\n<\/div>\t\t\t\t<\/div>\n\t\t\t\t<\/div>\n\t\t\t\t<\/div>\n\t\t<div class=\"elementor-element elementor-element-95b1048 tm-col-stretched-none e-flex e-con-boxed tm-bg-color-over-image e-con e-child\" data-id=\"95b1048\" data-element_type=\"container\">\n\t\t\t\t\t<div class=\"e-con-inner\">\n\t\t\t\t<div class=\"elementor-element elementor-element-ea790b4 elementor-widget elementor-widget-tm-ele-team-block\" data-id=\"ea790b4\" data-element_type=\"widget\" data-widget_type=\"tm-ele-team-block.skin-style1\">\n\t\t\t\t<div class=\"elementor-widget-container\">\n\t\t\t\t\t\t<div class=\"tm-sc-team tm-team-grid\">\r\n\t\t<!-- Isotope Gallery Grid -->\r\n\t\t<div id=\"team-block-holder-633505\" class=\"isotope-layout grid-3 gutter-10 clearfix\">\r\n\t\t\t<div class=\"isotope-layout-inner\">\r\n\t\t\t\t<!-- the loop -->\r\n\t\t\t\t\t\t\t\t\t\t\t\t\t\t\t\t<div class=\"isotope-item team-item elementor-repeater-item-f7bfd05 \" data-wow-delay=\"\">\r\n\t\t\t\t\t<!-- Team Block Style1-->\r\n<div class=\"team-current-theme1 team-item\">\r\n  <div class=\"inner-box\">\r\n    <div class=\"image-box\">\r\n      <div class=\"image-pattern\"><\/div>\r\n      <div class=\"image\">\r\n        \r\n\t\t\r\n\t\t<img decoding=\"async\" src=\"https:\/\/ecolevoilearue.com\/wp-content\/uploads\/2026\/01\/Philippe-BOURLIER.png\" width=\"214\" height=\"215\" alt=\"Moniteur eva ecole de voile de arue tahiti\">      <\/div>\r\n    <\/div>\r\n    <div class=\"info-box\">\r\n      \r\n\t\t<h4 class=\"team-title\">\r\n\t\t\t\t\tPhilippe BOURLIER\t\t\t<\/h4>\r\n\t      \t\t<div class=\"team-subtitle\">\r\n\t\t\t\t\tChef de base\t\t\t<\/div>\r\n\t    <\/div>\r\n  <\/div>\r\n<\/div>\t\t\t\t<\/div>\r\n\t\t\t\t\t\t\t\t\t\t\t\t\t\t\t\t<div class=\"isotope-item team-item elementor-repeater-item-656fef2 \" data-wow-delay=\"\">\r\n\t\t\t\t\t<!-- Team Block Style1-->\r\n<div class=\"team-current-theme1 team-item\">\r\n  <div class=\"inner-box\">\r\n    <div class=\"image-box\">\r\n      <div class=\"image-pattern\"><\/div>\r\n      <div class=\"image\">\r\n        \r\n\t\t\r\n\t\t<img loading=\"lazy\" decoding=\"async\" src=\"https:\/\/ecolevoilearue.com\/wp-content\/uploads\/2026\/01\/Gilles-Vigneron.png\" width=\"214\" height=\"215\" alt=\"moniteur \u00e9cole de voile de arue tahiti\">      <\/div>\r\n    <\/div>\r\n    <div class=\"info-box\">\r\n      \r\n\t\t<h4 class=\"team-title\">\r\n\t\t\t\t\tGilles Vigneron\t\t\t<\/h4>\r\n\t      \t\t<div class=\"team-subtitle\">\r\n\t\t\t\t\tMoniteur\t\t\t<\/div>\r\n\t    <\/div>\r\n  <\/div>\r\n<\/div>\t\t\t\t<\/div>\r\n\t\t\t\t\t\t\t\t\t\t\t\t\t\t\t\t<div class=\"isotope-item team-item elementor-repeater-item-927c7be \" data-wow-delay=\"\">\r\n\t\t\t\t\t<!-- Team Block Style1-->\r\n<div class=\"team-current-theme1 team-item\">\r\n  <div class=\"inner-box\">\r\n    <div class=\"image-box\">\r\n      <div class=\"image-pattern\"><\/div>\r\n      <div class=\"image\">\r\n        \r\n\t\t\r\n\t\t<img loading=\"lazy\" decoding=\"async\" src=\"https:\/\/ecolevoilearue.com\/wp-content\/uploads\/2026\/01\/Teretia-KAIMUKO.png\" width=\"214\" height=\"215\" alt=\"moniteur \u00e9cole de voile de arue tahiti\">      <\/div>\r\n    <\/div>\r\n    <div class=\"info-box\">\r\n      \r\n\t\t<h4 class=\"team-title\">\r\n\t\t\t\t\tTeretia KAIMUKO\t\t\t<\/h4>\r\n\t      \t\t<div class=\"team-subtitle\">\r\n\t\t\t\t\tMonitrice\t\t\t<\/div>\r\n\t    <\/div>\r\n  <\/div>\r\n<\/div>\t\t\t\t<\/div>\r\n\t\t\t\t\t\t\t\t<!-- end of the loop -->\r\n\t\t\t<\/div>\r\n\t\t<\/div>\r\n\t\t\t<\/div>\r\n\r\n\t\t\t\t<\/div>\n\t\t\t\t<\/div>\n\t\t\t\t\t<\/div>\n\t\t\t\t<\/div>\n\t\t\t\t<\/div>\n\t\t\t\t\t<\/div>\n\t\t\t\t<\/div>\n\t\t\t\t<\/div>\n\t\t","protected":false},"excerpt":{"rendered":"<p>Des moniteurs Qualifi\u00e9s pour Vous Accompagner Notre \u00c9quipe de Passionn\u00e9s Notre \u00e9quipe \u00e0 l&#8217;\u00e9cole de voile d&#8217;Arue se compose de&#8230;<\/p>\n","protected":false},"author":1,"featured_media":0,"parent":0,"menu_order":0,"comment_status":"closed","ping_status":"closed","template":"","meta":{"footnotes":""},"class_list":["post-9119","page","type-page","status-publish","hentry"],"yoast_head":"<!-- This site is optimized with the Yoast SEO plugin v26.8 - https:\/\/yoast.com\/product\/yoast-seo-wordpress\/ -->\n<title>Notre \u00e9quipe - \u00c9cole de Voile d\u2019Arue \u2013 Apprendre la voile \u00e0 Tahiti<\/title>\n<meta name=\"description\" content=\"D\u00e9couvrez l\u2019\u00e9quipe de professionnels passionn\u00e9s de l\u2019\u00c9cole de Voile d\u2019Arue \u00e0 Tahiti. Moniteurs et direction qualifi\u00e9s pour vous accompagner dans l\u2019apprentissage de la voile.\" \/>\n<meta name=\"robots\" content=\"index, follow, max-snippet:-1, max-image-preview:large, max-video-preview:-1\" \/>\n<link rel=\"canonical\" href=\"https:\/\/ecolevoilearue.com\/index.php\/notre-equipe\/\" \/>\n<meta property=\"og:locale\" content=\"fr_FR\" \/>\n<meta property=\"og:type\" content=\"article\" \/>\n<meta property=\"og:title\" content=\"Notre \u00e9quipe - \u00c9cole de Voile d\u2019Arue \u2013 Apprendre la voile \u00e0 Tahiti\" \/>\n<meta property=\"og:description\" content=\"D\u00e9couvrez l\u2019\u00e9quipe de professionnels passionn\u00e9s de l\u2019\u00c9cole de Voile d\u2019Arue \u00e0 Tahiti. Moniteurs et direction qualifi\u00e9s pour vous accompagner dans l\u2019apprentissage de la voile.\" \/>\n<meta property=\"og:url\" content=\"https:\/\/ecolevoilearue.com\/index.php\/notre-equipe\/\" \/>\n<meta property=\"og:site_name\" content=\"\u00c9cole de Voile d\u2019Arue \u2013 Apprendre la voile \u00e0 Tahiti\" \/>\n<meta property=\"article:modified_time\" content=\"2026-04-02T05:47:16+00:00\" \/>\n<meta property=\"og:image\" content=\"https:\/\/ecolevoilearue.com\/wp-content\/uploads\/2026\/01\/Tina-LIOUX.png\" \/>\n<meta name=\"twitter:card\" content=\"summary_large_image\" \/>\n<meta name=\"twitter:label1\" content=\"Dur\u00e9e de lecture estim\u00e9e\" \/>\n\t<meta name=\"twitter:data1\" content=\"2 minutes\" \/>\n<script type=\"application\/ld+json\" class=\"yoast-schema-graph\">{\"@context\":\"https:\/\/schema.org\",\"@graph\":[{\"@type\":\"WebPage\",\"@id\":\"https:\/\/ecolevoilearue.com\/index.php\/notre-equipe\/\",\"url\":\"https:\/\/ecolevoilearue.com\/index.php\/notre-equipe\/\",\"name\":\"Notre \u00e9quipe - \u00c9cole de Voile d\u2019Arue \u2013 Apprendre la voile \u00e0 Tahiti\",\"isPartOf\":{\"@id\":\"https:\/\/ecolevoilearue.com\/#website\"},\"primaryImageOfPage\":{\"@id\":\"https:\/\/ecolevoilearue.com\/index.php\/notre-equipe\/#primaryimage\"},\"image\":{\"@id\":\"https:\/\/ecolevoilearue.com\/index.php\/notre-equipe\/#primaryimage\"},\"thumbnailUrl\":\"https:\/\/ecolevoilearue.com\/wp-content\/uploads\/2026\/01\/Tina-LIOUX.png\",\"datePublished\":\"2025-01-10T00:16:17+00:00\",\"dateModified\":\"2026-04-02T05:47:16+00:00\",\"description\":\"D\u00e9couvrez l\u2019\u00e9quipe de professionnels passionn\u00e9s de l\u2019\u00c9cole de Voile d\u2019Arue \u00e0 Tahiti. Moniteurs et direction qualifi\u00e9s pour vous accompagner dans l\u2019apprentissage de la voile.\",\"breadcrumb\":{\"@id\":\"https:\/\/ecolevoilearue.com\/index.php\/notre-equipe\/#breadcrumb\"},\"inLanguage\":\"fr-FR\",\"potentialAction\":[{\"@type\":\"ReadAction\",\"target\":[\"https:\/\/ecolevoilearue.com\/index.php\/notre-equipe\/\"]}]},{\"@type\":\"ImageObject\",\"inLanguage\":\"fr-FR\",\"@id\":\"https:\/\/ecolevoilearue.com\/index.php\/notre-equipe\/#primaryimage\",\"url\":\"https:\/\/ecolevoilearue.com\/wp-content\/uploads\/2026\/01\/Tina-LIOUX.png\",\"contentUrl\":\"https:\/\/ecolevoilearue.com\/wp-content\/uploads\/2026\/01\/Tina-LIOUX.png\",\"width\":214,\"height\":215,\"caption\":\"Directrice eva ecole de voile de arue tahiti\"},{\"@type\":\"BreadcrumbList\",\"@id\":\"https:\/\/ecolevoilearue.com\/index.php\/notre-equipe\/#breadcrumb\",\"itemListElement\":[{\"@type\":\"ListItem\",\"position\":1,\"name\":\"Accueil\",\"item\":\"https:\/\/ecolevoilearue.com\/\"},{\"@type\":\"ListItem\",\"position\":2,\"name\":\"Notre \u00e9quipe\"}]},{\"@type\":\"WebSite\",\"@id\":\"https:\/\/ecolevoilearue.com\/#website\",\"url\":\"https:\/\/ecolevoilearue.com\/\",\"name\":\"\u00c9cole de Voile d\u2019Arue \u2013 Apprendre la voile \u00e0 Tahiti\",\"description\":\"Naviguez, apprenez, progressez\",\"potentialAction\":[{\"@type\":\"SearchAction\",\"target\":{\"@type\":\"EntryPoint\",\"urlTemplate\":\"https:\/\/ecolevoilearue.com\/?s={search_term_string}\"},\"query-input\":{\"@type\":\"PropertyValueSpecification\",\"valueRequired\":true,\"valueName\":\"search_term_string\"}}],\"inLanguage\":\"fr-FR\"}]}<\/script>\n<!-- \/ Yoast SEO plugin. -->","yoast_head_json":{"title":"Notre \u00e9quipe - \u00c9cole de Voile d\u2019Arue \u2013 Apprendre la voile \u00e0 Tahiti","description":"D\u00e9couvrez l\u2019\u00e9quipe de professionnels passionn\u00e9s de l\u2019\u00c9cole de Voile d\u2019Arue \u00e0 Tahiti. Moniteurs et direction qualifi\u00e9s pour vous accompagner dans l\u2019apprentissage de la voile.","robots":{"index":"index","follow":"follow","max-snippet":"max-snippet:-1","max-image-preview":"max-image-preview:large","max-video-preview":"max-video-preview:-1"},"canonical":"https:\/\/ecolevoilearue.com\/index.php\/notre-equipe\/","og_locale":"fr_FR","og_type":"article","og_title":"Notre \u00e9quipe - \u00c9cole de Voile d\u2019Arue \u2013 Apprendre la voile \u00e0 Tahiti","og_description":"D\u00e9couvrez l\u2019\u00e9quipe de professionnels passionn\u00e9s de l\u2019\u00c9cole de Voile d\u2019Arue \u00e0 Tahiti. Moniteurs et direction qualifi\u00e9s pour vous accompagner dans l\u2019apprentissage de la voile.","og_url":"https:\/\/ecolevoilearue.com\/index.php\/notre-equipe\/","og_site_name":"\u00c9cole de Voile d\u2019Arue \u2013 Apprendre la voile \u00e0 Tahiti","article_modified_time":"2026-04-02T05:47:16+00:00","og_image":[{"url":"https:\/\/ecolevoilearue.com\/wp-content\/uploads\/2026\/01\/Tina-LIOUX.png","type":"","width":"","height":""}],"twitter_card":"summary_large_image","twitter_misc":{"Dur\u00e9e de lecture estim\u00e9e":"2 minutes"},"schema":{"@context":"https:\/\/schema.org","@graph":[{"@type":"WebPage","@id":"https:\/\/ecolevoilearue.com\/index.php\/notre-equipe\/","url":"https:\/\/ecolevoilearue.com\/index.php\/notre-equipe\/","name":"Notre \u00e9quipe - \u00c9cole de Voile d\u2019Arue \u2013 Apprendre la voile \u00e0 Tahiti","isPartOf":{"@id":"https:\/\/ecolevoilearue.com\/#website"},"primaryImageOfPage":{"@id":"https:\/\/ecolevoilearue.com\/index.php\/notre-equipe\/#primaryimage"},"image":{"@id":"https:\/\/ecolevoilearue.com\/index.php\/notre-equipe\/#primaryimage"},"thumbnailUrl":"https:\/\/ecolevoilearue.com\/wp-content\/uploads\/2026\/01\/Tina-LIOUX.png","datePublished":"2025-01-10T00:16:17+00:00","dateModified":"2026-04-02T05:47:16+00:00","description":"D\u00e9couvrez l\u2019\u00e9quipe de professionnels passionn\u00e9s de l\u2019\u00c9cole de Voile d\u2019Arue \u00e0 Tahiti. Moniteurs et direction qualifi\u00e9s pour vous accompagner dans l\u2019apprentissage de la voile.","breadcrumb":{"@id":"https:\/\/ecolevoilearue.com\/index.php\/notre-equipe\/#breadcrumb"},"inLanguage":"fr-FR","potentialAction":[{"@type":"ReadAction","target":["https:\/\/ecolevoilearue.com\/index.php\/notre-equipe\/"]}]},{"@type":"ImageObject","inLanguage":"fr-FR","@id":"https:\/\/ecolevoilearue.com\/index.php\/notre-equipe\/#primaryimage","url":"https:\/\/ecolevoilearue.com\/wp-content\/uploads\/2026\/01\/Tina-LIOUX.png","contentUrl":"https:\/\/ecolevoilearue.com\/wp-content\/uploads\/2026\/01\/Tina-LIOUX.png","width":214,"height":215,"caption":"Directrice eva ecole de voile de arue tahiti"},{"@type":"BreadcrumbList","@id":"https:\/\/ecolevoilearue.com\/index.php\/notre-equipe\/#breadcrumb","itemListElement":[{"@type":"ListItem","position":1,"name":"Accueil","item":"https:\/\/ecolevoilearue.com\/"},{"@type":"ListItem","position":2,"name":"Notre \u00e9quipe"}]},{"@type":"WebSite","@id":"https:\/\/ecolevoilearue.com\/#website","url":"https:\/\/ecolevoilearue.com\/","name":"\u00c9cole de Voile d\u2019Arue \u2013 Apprendre la voile \u00e0 Tahiti","description":"Naviguez, apprenez, progressez","potentialAction":[{"@type":"SearchAction","target":{"@type":"EntryPoint","urlTemplate":"https:\/\/ecolevoilearue.com\/?s={search_term_string}"},"query-input":{"@type":"PropertyValueSpecification","valueRequired":true,"valueName":"search_term_string"}}],"inLanguage":"fr-FR"}]}},"_links":{"self":[{"href":"https:\/\/ecolevoilearue.com\/index.php\/wp-json\/wp\/v2\/pages\/9119","targetHints":{"allow":["GET"]}}],"collection":[{"href":"https:\/\/ecolevoilearue.com\/index.php\/wp-json\/wp\/v2\/pages"}],"about":[{"href":"https:\/\/ecolevoilearue.com\/index.php\/wp-json\/wp\/v2\/types\/page"}],"author":[{"embeddable":true,"href":"https:\/\/ecolevoilearue.com\/index.php\/wp-json\/wp\/v2\/users\/1"}],"replies":[{"embeddable":true,"href":"https:\/\/ecolevoilearue.com\/index.php\/wp-json\/wp\/v2\/comments?post=9119"}],"version-history":[{"count":30,"href":"https:\/\/ecolevoilearue.com\/index.php\/wp-json\/wp\/v2\/pages\/9119\/revisions"}],"predecessor-version":[{"id":11649,"href":"https:\/\/ecolevoilearue.com\/index.php\/wp-json\/wp\/v2\/pages\/9119\/revisions\/11649"}],"wp:attachment":[{"href":"https:\/\/ecolevoilearue.com\/index.php\/wp-json\/wp\/v2\/media?parent=9119"}],"curies":[{"name":"wp","href":"https:\/\/api.w.org\/{rel}","templated":true}]}}